{"id":2812,"date":"2025-10-01T14:49:27","date_gmt":"2025-10-01T14:49:27","guid":{"rendered":"https:\/\/innoface.com\/imprint\/"},"modified":"2025-10-08T09:06:02","modified_gmt":"2025-10-08T09:06:02","slug":"impressum","status":"publish","type":"page","link":"https:\/\/www.innoface.com\/de\/impressum\/","title":{"rendered":"Impressum"},"content":{"rendered":"<p>[et_pb_section fb_built=&#8220;1&#8243; _builder_version=&#8220;4.27.4&#8243; _module_preset=&#8220;default&#8220; custom_padding=&#8220;90px|0px|50px|0px|false|false&#8220; global_colors_info=&#8220;{}&#8220;][et_pb_row _builder_version=&#8220;4.27.4&#8243; _module_preset=&#8220;default&#8220; global_colors_info=&#8220;{}&#8220;][et_pb_column type=&#8220;4_4&#8243; _builder_version=&#8220;4.27.4&#8243; _module_preset=&#8220;default&#8220; global_colors_info=&#8220;{}&#8220;][et_pb_text _builder_version=&#8220;4.27.4&#8243; _module_preset=&#8220;79101eed-a10a-4af4-8e1e-80c0f5048178&#8243; global_colors_info=&#8220;{}&#8220;]<\/p>\n<h1>Impressum<\/h1>\n<p>[\/et_pb_text][\/et_pb_column][\/et_pb_row][\/et_pb_section][et_pb_section fb_built=&#8220;1&#8243; _builder_version=&#8220;4.27.4&#8243; _module_preset=&#8220;default&#8220; custom_padding=&#8220;35px|0px|120px|0px|false|false&#8220; global_colors_info=&#8220;{}&#8220;][et_pb_row column_structure=&#8220;1_3,2_3&#8243; _builder_version=&#8220;4.27.4&#8243; _module_preset=&#8220;default&#8220; global_colors_info=&#8220;{}&#8220;][et_pb_column type=&#8220;1_3&#8243; _builder_version=&#8220;4.27.4&#8243; _module_preset=&#8220;default&#8220; global_colors_info=&#8220;{}&#8220;][et_pb_text _builder_version=&#8220;4.27.4&#8243; _module_preset=&#8220;default&#8220; custom_margin=&#8220;||35px||false|false&#8220; global_colors_info=&#8220;{}&#8220;]<span style=\"font-size: 18px; font-weight: 800; color: #294462;\">Innoface AG<\/span><\/p>\n<p style=\"font-weight: 400; line-height: 1.2em;\">\n<span style=\"font-size: 14px;\">Victor-Gollancz-Str. 5<\/span><br \/>\n<span style=\"font-size: 14px;\">76137 Karlsruhe<\/span>\n<\/p>\n<p style=\"font-weight: 400; line-height: 1.2em;\">\n<span style=\"font-size: 14px;\">Tel.: +49 721 6268 730<\/span><br \/>\n<span style=\"font-size: 14px;\">Fax: +49 721 6268 733<\/span>\n<\/p>\n<p style=\"font-weight: 400; line-height: 1.2em;\">\n<span style=\"font-size: 14px;\">Email: <a href=\"mailto:info@innoface.de\" style=\"font-size: 14px;\">info@innoface.de<\/a><\/span>\n<\/p>\n<p>[\/et_pb_text][et_pb_text _builder_version=&#8220;4.27.4&#8243; _module_preset=&#8220;default&#8220; custom_margin=&#8220;||35px||false|false&#8220; hover_enabled=&#8220;0&#8243; global_colors_info=&#8220;{}&#8220; sticky_enabled=&#8220;0&#8243;]<\/p>\n<p style=\"font-size: 14px; font-weight: 400; line-height: 1.3em;\">Vorstandsvorsitzender:<br \/>\n<span style=\"font-weight: 700\">Afschin Dideban<\/span><\/p>\n<p style=\"font-size: 14px; font-weight: 400; line-height: 1.3em;\">Vorsitzender des Aufsichtsrats:<br \/>\n<span style=\"font-weight: 700\">Steffen Kolb<\/span><\/p>\n<p>[\/et_pb_text][et_pb_text _builder_version=&#8220;4.27.4&#8243; _module_preset=&#8220;default&#8220; hover_enabled=&#8220;0&#8243; global_colors_info=&#8220;{}&#8220; sticky_enabled=&#8220;0&#8243;]<\/p>\n<p style=\"font-size: 14px; font-weight: 400; line-height: 1.3em;\">Handelsregisternummer: HRB 733844<br \/>Registergericht: Mannheim<br \/>Sitz der AG: Karlsruhe<\/p>\n<p style=\"font-size: 14px; font-weight: 400; line-height: 1.3em;\">UstID-Nummer: DE813309902<\/p>\n<p style=\"font-size: 14px; font-weight: 400; line-height: 1.3em;\">Verantwortlicher f\u00fcr den Inhalt:<br \/>Afschin Dideban<\/p>\n<p>[\/et_pb_text][\/et_pb_column][et_pb_column type=&#8220;2_3&#8243; _builder_version=&#8220;4.27.4&#8243; _module_preset=&#8220;default&#8220; custom_padding=&#8220;||0px|50px|false|false&#8220; border_width_left=&#8220;2px&#8220; border_color_left=&#8220;#AECA00&#8243; global_colors_info=&#8220;{}&#8220;][et_pb_text _builder_version=&#8220;4.27.4&#8243; _module_preset=&#8220;6c316b6e-6cd7-411f-9651-669fdc1c38da&#8220; max_width=&#8220;100%&#8220; custom_margin=&#8220;||45px||false|false&#8220; global_colors_info=&#8220;{}&#8220;]<\/p>\n<p style=\"line-height: 1.2em;\"><span style=\"font-size: 18px; font-weight: 800;\">HAFTUNG F\u00dcR INHALTE<\/span><br \/><span style=\"font-size: 14px; font-weight: 400;\">Als Diensteanbieter sind wir f\u00fcr eigene Inhalte auf diesen Seiten nach den allgemeinen Gesetzen verantwortlich. Wir sind als Diensteanbieter jedoch nicht verpflichtet, \u00fcbermittelte oder gespeicherte fremde Informationen zu \u00fcberwachen oder nach Umst\u00e4nden zu forschen, die auf eine rechtswidrige T\u00e4tigkeit hinweisen. Verpflichtungen zur Entfernung oder Sperrung der Nutzung von Informationen nach den allgemeinen Gesetzen bleiben hiervon unber\u00fchrt. Eine diesbez\u00fcgliche Haftung ist jedoch erst ab dem Zeitpunkt der Kenntnis einer konkreten Rechtsverletzung m\u00f6glich. Bei Bekanntwerden von entsprechenden Rechtsverletzungen werden wir diese Inhalte umgehend entfernen.<\/span><\/p>\n<p>[\/et_pb_text][et_pb_text _builder_version=&#8220;4.27.4&#8243; _module_preset=&#8220;6c316b6e-6cd7-411f-9651-669fdc1c38da&#8220; max_width=&#8220;100%&#8220; custom_margin=&#8220;||45px||false|false&#8220; global_colors_info=&#8220;{}&#8220;]<\/p>\n<p style=\"line-height: 1.2em;\"><span style=\"font-size: 18px; font-weight: 800;\">HAFTUNG F\u00dcR LINKS<\/span><br \/><span style=\"font-size: 14px; font-weight: 400;\">Unser Angebot enth\u00e4lt Links zu externen Webseiten Dritter, auf deren Inhalte wir keinen Einfluss haben. Deshalb k\u00f6nnen wir f\u00fcr diese fremden Inhalte auch keine Gew\u00e4hr \u00fcbernehmen. F\u00fcr die Inhalte der verlinkten Seiten ist stets der jeweilige Anbieter oder Betreiber der Seiten verantwortlich. Die verlinkten Seiten wurden zum Zeitpunkt der Verlinkung auf m\u00f6gliche Rechtsverst\u00f6\u00dfe \u00fcberpr\u00fcft. Rechtswidrige Inhalte waren zum Zeitpunkt der Verlinkung nicht erkennbar. Eine permanente inhaltliche Kontrolle der verlinkten Seiten ist jedoch ohne konkrete Anhaltspunkte einer Rechtsverletzung nicht zumutbar. Bei Bekanntwerden von Rechtsverletzungen werden wir derartige Links umgehend entfernen.<\/span><\/p>\n<p>[\/et_pb_text][et_pb_text _builder_version=&#8220;4.27.4&#8243; _module_preset=&#8220;6c316b6e-6cd7-411f-9651-669fdc1c38da&#8220; max_width=&#8220;100%&#8220; custom_margin=&#8220;||45px||false|false&#8220; global_colors_info=&#8220;{}&#8220;]<\/p>\n<p style=\"line-height: 1.2em;\"><span style=\"font-size: 18px; font-weight: 800;\">URHEBERRECHT<\/span><br \/><span style=\"font-size: 14px; font-weight: 400;\">Die durch die Seitenbetreiber erstellten Inhalte und Werke auf diesen Seiten unterliegen dem deutschen Urheberrecht. Die Vervielf\u00e4ltigung, Bearbeitung, Verbreitung und jede Art der Verwertung au\u00dferhalb der Grenzen des Urheberrechtes bed\u00fcrfen der schriftlichen Zustimmung des jeweiligen Autors bzw. Erstellers. Downloads und Kopien dieser Seite sind nur f\u00fcr den privaten, nicht kommerziellen Gebrauch gestattet. Soweit die Inhalte auf dieser Seite nicht vom Betreiber erstellt wurden, werden die Urheberrechte Dritter beachtet. Insbesondere werden Inhalte Dritter als solche gekennzeichnet. Sollten Sie trotzdem auf eine Urheberrechtsverletzung aufmerksam werden, bitten wir um einen entsprechenden Hinweis. Bei Bekanntwerden von Rechtsverletzungen werden wir derartige Inhalte umgehend entfernen.<\/span><\/p>\n<p>[\/et_pb_text][et_pb_text _builder_version=&#8220;4.27.4&#8243; _module_preset=&#8220;6c316b6e-6cd7-411f-9651-669fdc1c38da&#8220; max_width=&#8220;100%&#8220; custom_margin=&#8220;||45px||false|false&#8220; global_colors_info=&#8220;{}&#8220;]<\/p>\n<p style=\"line-height: 1.2em;\"><span style=\"font-size: 18px; font-weight: 800;\">MARKENNAMEN<\/span><br \/>\n<span style=\"font-size: 14px; font-weight: 400;\">Alle Firmennamen, Logos, Produktnamen und -bezeichnungen oder Hardware- und Software\u00adbezeichnungen und sonstige Angaben, die auf dieser Website verwendet werden, sind m\u00f6glicher\u00adweise als einge\u00adtragene Marken gesch\u00fctzt. Da es nicht in allen F\u00e4llen m\u00f6glich ist, zu ermitteln, ob ein Markenschutz besteht, wird das \u00ae Symbol im Rahmen dieser Website nicht verwendet. Es ist folglich davon auszugehen, dass alle verwendeten Markennamen gesch\u00fctzt und Eigentum der jeweiligen Hersteller sind. Markennamen die auf dieser Webseite genannt werden sind unteranderem:<\/span><\/p>\n<p style=\"margin-top: 5px;\">\n<ul>\n<li style=\"line-height: 1.2em;\"><span style=\"font-size: 14px; font-weight: 400;\"> SAP Deutschland SE &amp; Co. KG<br \/>\n<\/span><span style=\"font-size: 14px; font-weight: 400;\">SAP, SAP S\/4HANA, SAP S\/4HANA Cloud<\/span><\/li>\n<li style=\"line-height: 1.2em;\"><span style=\"font-size: 14px; font-weight: 400;\">PTC Inc<br \/>\n<\/span><span style=\"font-size: 14px; font-weight: 400;\">PTC Windchill, PTC Creo, PTC Creo Parametrics, Windchill PDMLink, WIndchill MPMLink, Windchill PartsLink<\/span><\/li>\n<li style=\"line-height: 1.2em;\"><span style=\"font-size: 14px; font-weight: 400;\">Oracle Corp.<br \/>\n<\/span><span style=\"font-size: 14px; font-weight: 400;\">Oracle, Oracle E-Business Suite<\/span><\/li>\n<li style=\"line-height: 1.2em;\"><span style=\"font-size: 14px; font-weight: 400;\">Sage Group &#8211; Sage Software GmbH:<br \/>\nSage b7<\/span><\/li>\n<li style=\"line-height: 1.2em;\"><span style=\"font-size: 14px; font-weight: 400;\">Microsoft Corp.<br \/>\nMS Dynamics 365, MS Dynamics NAV (Microsoft Dynamics 365 Business Central On Premises)<\/span><\/li>\n<li style=\"line-height: 1.2em;\"><span style=\"font-size: 14px; font-weight: 400;\">Infor &#8211; Infor (Deutschland) GmbH<br \/>\nInfor LN, Infor COM<\/span><\/li>\n<\/ul>\n<p>[\/et_pb_text][et_pb_text _builder_version=&#8220;4.27.4&#8243; _module_preset=&#8220;6c316b6e-6cd7-411f-9651-669fdc1c38da&#8220; max_width=&#8220;100%&#8220; custom_margin=&#8220;||45px||false|false&#8220; global_colors_info=&#8220;{}&#8220;]<\/p>\n<p style=\"line-height: 1.2em;\"><span style=\"font-size: 18px; font-weight: 800;\">BILDNACHWEIS<\/span><br \/><span style=\"font-size: 14px; font-weight: 400;\">Wenn nicht anders vermerkt liegen die Bildrechte bei der Innoface AG.<br \/>Fotograf: Andreas Klassen<\/span><\/p>\n<p style=\"line-height: 1.2em;\"><span style=\"font-size: 14px; font-weight: 400;\">HOME Header: \u00a9 Gorodenkoff, \u00a9 Gorodenkoff, \u00a9 WavebreakmediaMicro, \u00a9 industrieblick<br \/><\/span><span style=\"font-size: 14px; font-weight: 400;\">HOME Serviceleistungen: Branche: \u00a9 sidorovstock, Support: \u00a9 fizkes<\/span><\/p>\n<p style=\"line-height: 1.2em;\"><span style=\"font-size: 14px; font-weight: 400;\">Betreuung Homepage: s\/w +F<\/span><\/p>\n<p>[\/et_pb_text][\/et_pb_column][\/et_pb_row][\/et_pb_section]<\/p>\n","protected":false},"excerpt":{"rendered":"<p>ImpressumInnoface AG Victor-Gollancz-Str. 5 76137 Karlsruhe Tel.: +49 721 6268 730 Fax: +49 721 6268 733 Email: info@innoface.de Vorstandsvorsitzender: Afschin Dideban Vorsitzender des Aufsichtsrats: Steffen KolbHandelsregisternummer: HRB 733844Registergericht: MannheimSitz der AG: Karlsruhe UstID-Nummer: DE813309902 Verantwortlicher f\u00fcr den Inhalt:Afschin DidebanHAFTUNG F\u00dcR INHALTEAls Diensteanbieter sind wir f\u00fcr eigene Inhalte auf diesen Seiten nach den allgemeinen Gesetzen verantwortlich. [&hellip;]<\/p>\n","protected":false},"author":1,"featured_media":0,"parent":0,"menu_order":0,"comment_status":"closed","ping_status":"closed","template":"","meta":{"_acf_changed":false,"_et_pb_use_builder":"on","_et_pb_old_content":"","_et_gb_content_width":"","footnotes":""},"dipi_cpt_category":[],"class_list":["post-2812","page","type-page","status-publish","hentry"],"acf":[],"aioseo_notices":[],"_links":{"self":[{"href":"https:\/\/www.innoface.com\/de\/wp-json\/wp\/v2\/pages\/2812","targetHints":{"allow":["GET"]}}],"collection":[{"href":"https:\/\/www.innoface.com\/de\/wp-json\/wp\/v2\/pages"}],"about":[{"href":"https:\/\/www.innoface.com\/de\/wp-json\/wp\/v2\/types\/page"}],"author":[{"embeddable":true,"href":"https:\/\/www.innoface.com\/de\/wp-json\/wp\/v2\/users\/1"}],"replies":[{"embeddable":true,"href":"https:\/\/www.innoface.com\/de\/wp-json\/wp\/v2\/comments?post=2812"}],"version-history":[{"count":11,"href":"https:\/\/www.innoface.com\/de\/wp-json\/wp\/v2\/pages\/2812\/revisions"}],"predecessor-version":[{"id":2834,"href":"https:\/\/www.innoface.com\/de\/wp-json\/wp\/v2\/pages\/2812\/revisions\/2834"}],"wp:attachment":[{"href":"https:\/\/www.innoface.com\/de\/wp-json\/wp\/v2\/media?parent=2812"}],"wp:term":[{"taxonomy":"dipi_cpt_category","embeddable":true,"href":"https:\/\/www.innoface.com\/de\/wp-json\/wp\/v2\/dipi_cpt_category?post=2812"}],"curies":[{"name":"wp","href":"https:\/\/api.w.org\/{rel}","templated":true}]}}

<p>[et_pb_section fb_built=&#8220;1&#8243; _builder_version=&#8220;4.27.4&#8243; _module_preset=&#8220;default&#8220; custom_padding=&#8220;90px|0px|50px|0px|false|false&#8220; global_colors_info=&#8220;{}&#8220;][et_pb_row _builder_version=&#8220;4.27.4&#8243; _module_preset=&#8220;default&#8220; global_colors_info=&#8220;{}&#8220;][et_pb_column type=&#8220;4_4&#8243; _builder_version=&#8220;4.27.4&#8243; _module_preset=&#8220;default&#8220; global_colors_info=&#8220;{}&#8220;][et_pb_text _builder_version=&#8220;4.27.4&#8243; _module_preset=&#8220;79101eed-a10a-4af4-8e1e-80c0f5048178&#8243; global_colors_info=&#8220;{}&#8220;]</p>
<h1>Impressum</h1>
<p>[/et_pb_text][/et_pb_column][/et_pb_row][/et_pb_section][et_pb_section fb_built=&#8220;1&#8243; _builder_version=&#8220;4.27.4&#8243; _module_preset=&#8220;default&#8220; custom_padding=&#8220;35px|0px|120px|0px|false|false&#8220; global_colors_info=&#8220;{}&#8220;][et_pb_row column_structure=&#8220;1_3,2_3&#8243; _builder_version=&#8220;4.27.4&#8243; _module_preset=&#8220;default&#8220; global_colors_info=&#8220;{}&#8220;][et_pb_column type=&#8220;1_3&#8243; _builder_version=&#8220;4.27.4&#8243; _module_preset=&#8220;default&#8220; global_colors_info=&#8220;{}&#8220;][et_pb_text _builder_version=&#8220;4.27.4&#8243; _module_preset=&#8220;default&#8220; custom_margin=&#8220;||35px||false|false&#8220; global_colors_info=&#8220;{}&#8220;]<span style="font-size: 18px; font-weight: 800; color: #294462;">Innoface AG</span></p>
<p style="font-weight: 400; line-height: 1.2em;">
<span style="font-size: 14px;">Victor-Gollancz-Str. 5</span><br />
<span style="font-size: 14px;">76137 Karlsruhe</span>
</p>
<p style="font-weight: 400; line-height: 1.2em;">
<span style="font-size: 14px;">Tel.: +49 721 6268 730</span><br />
<span style="font-size: 14px;">Fax: +49 721 6268 733</span>
</p>
<p style="font-weight: 400; line-height: 1.2em;">
<span style="font-size: 14px;">Email: <a href="mailto:info@innoface.de" style="font-size: 14px;">info@innoface.de</a></span>
</p>
<p>[/et_pb_text][et_pb_text _builder_version=&#8220;4.27.4&#8243; _module_preset=&#8220;default&#8220; custom_margin=&#8220;||35px||false|false&#8220; hover_enabled=&#8220;0&#8243; global_colors_info=&#8220;{}&#8220; sticky_enabled=&#8220;0&#8243;]</p>
<p style="font-size: 14px; font-weight: 400; line-height: 1.3em;">Vorstandsvorsitzender:<br />
<span style="font-weight: 700">Afschin Dideban</span></p>
<p style="font-size: 14px; font-weight: 400; line-height: 1.3em;">Vorsitzender des Aufsichtsrats:<br />
<span style="font-weight: 700">Steffen Kolb</span></p>
<p>[/et_pb_text][et_pb_text _builder_version=&#8220;4.27.4&#8243; _module_preset=&#8220;default&#8220; hover_enabled=&#8220;0&#8243; global_colors_info=&#8220;{}&#8220; sticky_enabled=&#8220;0&#8243;]</p>
<p style="font-size: 14px; font-weight: 400; line-height: 1.3em;">Handelsregisternummer: HRB 733844<br />Registergericht: Mannheim<br />Sitz der AG: Karlsruhe</p>
<p style="font-size: 14px; font-weight: 400; line-height: 1.3em;">UstID-Nummer: DE813309902</p>
<p style="font-size: 14px; font-weight: 400; line-height: 1.3em;">Verantwortlicher für den Inhalt:<br />Afschin Dideban</p>
<p>[/et_pb_text][/et_pb_column][et_pb_column type=&#8220;2_3&#8243; _builder_version=&#8220;4.27.4&#8243; _module_preset=&#8220;default&#8220; custom_padding=&#8220;||0px|50px|false|false&#8220; border_width_left=&#8220;2px&#8220; border_color_left=&#8220;#AECA00&#8243; global_colors_info=&#8220;{}&#8220;][et_pb_text _builder_version=&#8220;4.27.4&#8243; _module_preset=&#8220;6c316b6e-6cd7-411f-9651-669fdc1c38da&#8220; max_width=&#8220;100%&#8220; custom_margin=&#8220;||45px||false|false&#8220; global_colors_info=&#8220;{}&#8220;]</p>
<p style="line-height: 1.2em;"><span style="font-size: 18px; font-weight: 800;">HAFTUNG FÜR INHALTE</span><br /><span style="font-size: 14px; font-weight: 400;">Als Diensteanbieter sind wir für eigene Inhalte auf diesen Seiten nach den allgemeinen Gesetzen verantwortlich. Wir sind als Diensteanbieter jedoch nicht verpflichtet, übermittelte oder gespeicherte fremde Informationen zu überwachen oder nach Umständen zu forschen, die auf eine rechtswidrige Tätigkeit hinweisen. Verpflichtungen zur Entfernung oder Sperrung der Nutzung von Informationen nach den allgemeinen Gesetzen bleiben hiervon unberührt. Eine diesbezügliche Haftung ist jedoch erst ab dem Zeitpunkt der Kenntnis einer konkreten Rechtsverletzung möglich. Bei Bekanntwerden von entsprechenden Rechtsverletzungen werden wir diese Inhalte umgehend entfernen.</span></p>
<p>[/et_pb_text][et_pb_text _builder_version=&#8220;4.27.4&#8243; _module_preset=&#8220;6c316b6e-6cd7-411f-9651-669fdc1c38da&#8220; max_width=&#8220;100%&#8220; custom_margin=&#8220;||45px||false|false&#8220; global_colors_info=&#8220;{}&#8220;]</p>
<p style="line-height: 1.2em;"><span style="font-size: 18px; font-weight: 800;">HAFTUNG FÜR LINKS</span><br /><span style="font-size: 14px; font-weight: 400;">Unser Angebot enthält Links zu externen Webseiten Dritter, auf deren Inhalte wir keinen Einfluss haben. Deshalb können wir für diese fremden Inhalte auch keine Gewähr übernehmen. Für die Inhalte der verlinkten Seiten ist stets der jeweilige Anbieter oder Betreiber der Seiten verantwortlich. Die verlinkten Seiten wurden zum Zeitpunkt der Verlinkung auf mögliche Rechtsverstöße überprüft. Rechtswidrige Inhalte waren zum Zeitpunkt der Verlinkung nicht erkennbar. Eine permanente inhaltliche Kontrolle der verlinkten Seiten ist jedoch ohne konkrete Anhaltspunkte einer Rechtsverletzung nicht zumutbar. Bei Bekanntwerden von Rechtsverletzungen werden wir derartige Links umgehend entfernen.</span></p>
<p>[/et_pb_text][et_pb_text _builder_version=&#8220;4.27.4&#8243; _module_preset=&#8220;6c316b6e-6cd7-411f-9651-669fdc1c38da&#8220; max_width=&#8220;100%&#8220; custom_margin=&#8220;||45px||false|false&#8220; global_colors_info=&#8220;{}&#8220;]</p>
<p style="line-height: 1.2em;"><span style="font-size: 18px; font-weight: 800;">URHEBERRECHT</span><br /><span style="font-size: 14px; font-weight: 400;">Die durch die Seitenbetreiber erstellten Inhalte und Werke auf diesen Seiten unterliegen dem deutschen Urheberrecht. Die Vervielfältigung, Bearbeitung, Verbreitung und jede Art der Verwertung außerhalb der Grenzen des Urheberrechtes bedürfen der schriftlichen Zustimmung des jeweiligen Autors bzw. Erstellers. Downloads und Kopien dieser Seite sind nur für den privaten, nicht kommerziellen Gebrauch gestattet. Soweit die Inhalte auf dieser Seite nicht vom Betreiber erstellt wurden, werden die Urheberrechte Dritter beachtet. Insbesondere werden Inhalte Dritter als solche gekennzeichnet. Sollten Sie trotzdem auf eine Urheberrechtsverletzung aufmerksam werden, bitten wir um einen entsprechenden Hinweis. Bei Bekanntwerden von Rechtsverletzungen werden wir derartige Inhalte umgehend entfernen.</span></p>
<p>[/et_pb_text][et_pb_text _builder_version=&#8220;4.27.4&#8243; _module_preset=&#8220;6c316b6e-6cd7-411f-9651-669fdc1c38da&#8220; max_width=&#8220;100%&#8220; custom_margin=&#8220;||45px||false|false&#8220; global_colors_info=&#8220;{}&#8220;]</p>
<p style="line-height: 1.2em;"><span style="font-size: 18px; font-weight: 800;">MARKENNAMEN</span><br />
<span style="font-size: 14px; font-weight: 400;">Alle Firmennamen, Logos, Produktnamen und -bezeichnungen oder Hardware- und Software­bezeichnungen und sonstige Angaben, die auf dieser Website verwendet werden, sind möglicher­weise als einge­tragene Marken geschützt. Da es nicht in allen Fällen möglich ist, zu ermitteln, ob ein Markenschutz besteht, wird das ® Symbol im Rahmen dieser Website nicht verwendet. Es ist folglich davon auszugehen, dass alle verwendeten Markennamen geschützt und Eigentum der jeweiligen Hersteller sind. Markennamen die auf dieser Webseite genannt werden sind unteranderem:</span></p>
<p style="margin-top: 5px;">
<ul>
<li style="line-height: 1.2em;"><span style="font-size: 14px; font-weight: 400;"> SAP Deutschland SE &amp; Co. KG<br />
</span><span style="font-size: 14px; font-weight: 400;">SAP, SAP S/4HANA, SAP S/4HANA Cloud</span></li>
<li style="line-height: 1.2em;"><span style="font-size: 14px; font-weight: 400;">PTC Inc<br />
</span><span style="font-size: 14px; font-weight: 400;">PTC Windchill, PTC Creo, PTC Creo Parametrics, Windchill PDMLink, WIndchill MPMLink, Windchill PartsLink</span></li>
<li style="line-height: 1.2em;"><span style="font-size: 14px; font-weight: 400;">Oracle Corp.<br />
</span><span style="font-size: 14px; font-weight: 400;">Oracle, Oracle E-Business Suite</span></li>
<li style="line-height: 1.2em;"><span style="font-size: 14px; font-weight: 400;">Sage Group &#8211; Sage Software GmbH:<br />
Sage b7</span></li>
<li style="line-height: 1.2em;"><span style="font-size: 14px; font-weight: 400;">Microsoft Corp.<br />
MS Dynamics 365, MS Dynamics NAV (Microsoft Dynamics 365 Business Central On Premises)</span></li>
<li style="line-height: 1.2em;"><span style="font-size: 14px; font-weight: 400;">Infor &#8211; Infor (Deutschland) GmbH<br />
Infor LN, Infor COM</span></li>
</ul>
<p>[/et_pb_text][et_pb_text _builder_version=&#8220;4.27.4&#8243; _module_preset=&#8220;6c316b6e-6cd7-411f-9651-669fdc1c38da&#8220; max_width=&#8220;100%&#8220; custom_margin=&#8220;||45px||false|false&#8220; global_colors_info=&#8220;{}&#8220;]</p>
<p style="line-height: 1.2em;"><span style="font-size: 18px; font-weight: 800;">BILDNACHWEIS</span><br /><span style="font-size: 14px; font-weight: 400;">Wenn nicht anders vermerkt liegen die Bildrechte bei der Innoface AG.<br />Fotograf: Andreas Klassen</span></p>
<p style="line-height: 1.2em;"><span style="font-size: 14px; font-weight: 400;">HOME Header: © Gorodenkoff, © Gorodenkoff, © WavebreakmediaMicro, © industrieblick<br /></span><span style="font-size: 14px; font-weight: 400;">HOME Serviceleistungen: Branche: © sidorovstock, Support: © fizkes</span></p>
<p style="line-height: 1.2em;"><span style="font-size: 14px; font-weight: 400;">Betreuung Homepage: s/w +F</span></p>
<p>[/et_pb_text][/et_pb_column][/et_pb_row][/et_pb_section]</p>

<p>ImpressumInnoface AG Victor-Gollancz-Str. 5 76137 Karlsruhe Tel.: +49 721 6268 730 Fax: +49 721 6268 733 Email: info@innoface.de Vorstandsvorsitzender: Afschin Dideban Vorsitzender des Aufsichtsrats: Steffen KolbHandelsregisternummer: HRB 733844Registergericht: MannheimSitz der AG: Karlsruhe UstID-Nummer: DE813309902 Verantwortlicher für den Inhalt:Afschin DidebanHAFTUNG FÜR INHALTEAls Diensteanbieter sind wir für eigene Inhalte auf diesen Seiten nach den allgemeinen Gesetzen verantwortlich. [&hellip;]</p>
